late o(-23).
-2501
Let v(o) = -14917*o + 11202674. Give v(751).
7
Let q(c) = -292*c + 79827. What is q(271)?
695
Let z(m) = 2*m**3 - 155*m**2 + 2960*m + 312. What is z(43)?
11
Let s(y) = 53470*y - 802242. Give s(15).
-192
Let v(g) = g**3 + 1554*g**2 - 1509*g + 71528. Calculate v(-1555).
-2
Let n(y) = 352*y - 211447. Calculate n(601).
105
Let z(g) = -g**2 - 30*g + 6102. Determine z(64).
86
Let q(r) = -3910*r**2 - 3839*r + 47. Determine q(-1).
-24
Let q(a) = a**2 - 96*a - 2259. Calculate q(115).
-74
Let d(z) = -2738759*z + 2. Determine d(0).
2
Let z(d) = -d**3 + 95*d**2 + 2947*d - 23. Determine z(-25).
1302
Let x(v) = 8702*v + 61202. Give x(-7).
288
Let x(u) = 9*u**3 + 46*u**2 - 47*u - 11. Give x(-6).
-17
Let t(n) = -24181*n + 362707. What is t(15)?
-8
Let w(g) = -179*g + 8927. Give w(49).
156
Let q(d) = 2*d**3 + 10*d**2 - 9*d + 21. Give q(3).
138
Let x(g) = 5*g**2 - 45434*g - 1. Calculate x(0).
-1
Let t(x) = 365*x - 121178. Determine t(332).
2
Let p(g) = 9724*g - 19330. Determine p(2).
118
Let q(b) = b**3 - 150*b**2 - 48*b - 38896. What is q(152)?
16
Let k(t) = 193*t - 23688. Determine k(120).
-528
Let n(z) = 2*z**2 - 3499*z + 573335. Calculate n(183).
-4
Let m(p) = -35*p - 152. Determine m(-6).
58
Let s(x) = 334242*x + 1002762. Calculate s(-3).
36
Let y(w) = w**3 - 190*w**2 - 583*w - 37422. Determine y(194).
20
Let m(g) = -g**3 + 27*g**2 + 60327*g - 604966. Give m(10).
4
Let a(v) = v**3 - 236*v**2 + 966*v - 8800. Determine a(232).
16
Let d(y) = 4*y**2 - 2317*y + 11558. What is d(5)?
73
Let g(s) = 18182*s - 1781833. What is g(98)?
3
Let n(p) = 12356*p + 1618742. Calculate n(-131).
106
Let n(g) = -2*g**2 + 597*g - 43029. Determine n(183).
-756
Let u(h) = -223*h + 7735. Determine u(45).
-2300
Let w(n) = n**2 + 79*n + 1723. What is w(-30)?
253
Let d(s) = 700*s - 6172. Give d(7).
-1272
Let u(d) = -d**3 - 83*d**2 - 224*d - 97. What is u(-80)?
-1377
Let w(q) = -11*q**2 - 1164*q - 13784. What is w(-12)?
-1400
Let y(o) = -10*o**2 + 9631*o + 37720. What is y(967)?
7
Let d(m) = 10684*m - 1015132. Calculate d(95).
-152
Let d(m) = -8*m**3 - 412*m**2 - 547*m + 103. Determine d(-50).
-2547
Let x(m) = -628*m**2 - 36522*m - 5673. Calculate x(-58).
11
Let y(g) = 201*g**2 - 391*g + 388. Give y(1).
198
Let n(f) = -43375*f - 447. Give n(0).
-447
Let w(g) = -5*g**3 - 17*g**2 + 149*g + 643. Give w(-4).
95
Let q(z) = -7697*z + 69279. Calculate q(9).
6
Let m(y) = 4559*y + 1664026. Calculate m(-365).
-9
Let o(j) = j**3 + 48*j**2 + 133*j + 35. Calculate o(-45).
125
Let y(c) = 10*c**2 + 403*c + 87. Give y(7).
3398
Let i(t) = -t**2 + 2011*t - 139738. Calculate i(72).
-130
Let w(n) = 3986*n + 138062. What is w(-35)?
-1448
Let f(i) = i**3 - 26*i**2 + 79*i + 370. Calculate f(6).
124
Let m(a) = 5*a**2 + 122*a - 798. Calculate m(6).
114
Let g(l) = -l**3 + 38*l**2 + 1268*l - 1143. Determine g(-22).
1
Let o(l) = 5343*l + 53373. What is o(-10)?
-57
Let q(c) = -959*c + 172329. Determine q(179).
668
Let k(c) = c + 833. What is k(-75)?
758
Let b(z) = z**2 - 28*z - 6122. What is b(94)?
82
Let d(w) = -5*w**2 + 1322*w - 87325. Determine d(141).
-328
Let k(m) = 75*m**2 + 2611*m - 401. What is k(-35)?
89
Let q(s) = 5*s**2 + 578*s + 2950. Calculate q(-5).
185
Let f(n) = n**3 + 27*n**2 + 134*n + 128. Calculate f(-18).
632
Let j(v) = -1074*v - 28867. Give j(-27).
131
Let p(j) = j**2 - 4*j - 9054. Give p(97).
-33
Let k(t) = -1719*t + 152959. Calculate k(89).
-32
Let o(q) = 3*q**2 + 119*q + 1173. Determine o(-47).
2207
Let t(c) = -c**3 - 13*c**2 - 482*c - 2788. Give t(-6).
-148
Let s(o) = 14587*o - 700176. Give s(48).
0
Let u(g) = 2*g**3 - 63*g**2 - 6298*g + 599. Determine u(74).
7
Let m(g) = g**3 + 34*g**2 - 360*g + 74. Calculate m(10).
874
Let f(c) = -98*c + 5342. What is f(59)?
-440
Let n(y) = -26*y**2 - 989*y + 2028. Give n(-40).
-12
Let b(u) = 33732*u + 877012. Determine b(-26).
-20
Let r(b) = -2545*b - 56984. What is r(-22)?
-994
Let x(a) = 716887*a + 98930402. Calculate x(-138).
-4
Let s(k) = 1327*k + 83607. Give s(-63).
6
Let j(g) = 2241*g**2 - 165*g - 162. Give j(-1).
2244
Let g(v) = v**3 - v**2 - 19*v + 90. What is g(-5)?
35
Let l(h) = 4761*h + 114297. Give l(-24).
33
Let z(b) = b**3 + 56*b**2 - 103*b - 113. Calculate z(-58).
-867
Let v(s) = 2321*s - 32618. Give v(14).
-124
Let s(w) = 357*w + 6154. Give s(-19).
-629
Let g(j) = 2*j**3 - 160*j**2 - j - 733. Give g(80).
-813
Let z(p) = -6*p**3 - 93*p**2 - 1256*p - 20538. Calculate z(-16).
326
Let b(d) = -1653*d - 373588. Calculate b(-226).
-10
Let n(f) = -2*f**3 + 18*f**2 - 6494*f - 19699. Give n(-3).
-1
Let f(o) = 7188*o - 107772. Calculate f(15).
48
Let v(a) = 17371*a + 521116. Give v(-30).
-14
Let w(v) = 1121358*v - 5606789. Determine w(5).
1
Let w(n) = n**2 - 10102*n + 70645. Determine w(7).
-20
Let m(l) = -l**3 + 22*l**2 + 58*l - 302. What is m(24)?
-62
Let x(t) = 18*t**2 - 674*t + 5974. Determine x(23).
-6
Let v(i) = 3*i**3 + 144*i**2 - 920*i - 44158. Determine v(-48).
2
Let l(f) = -10608*f - 32870. Calculate l(-3).
-1046
Let f(b) = 6*b**2 - 38*b - 614. Calculate f(15).
166
Let x(n) = 16921*n - 169316. What is x(10)?
-106
Let c(g) = -6343*g - 12381. Calculate c(-2).
305
Let b(o) = 59750*o + 478008. Calculate b(-8).
8
Let x(u) = -821*u + 142923. Determine x(173).
890
Let a(x) = -9*x**2 + 424*x - 112. Give a(47).
-65
Let d(i) = -133*i**2 - 2792*i + 25. Determine d(-21).
4
Let q(o) = -2497*o - 9839. Calculate q(-4).
149
Let u(m) = -327*m - 73308. Determine u(-224).
-60
Let g(l) = 26*l + 958. Give g(-13).
620
Let i(o) = 1036090*o - 11396990. What is i(11)?
0
Let b(g) = 2261*g - 6780. Give b(3).
3
Let q(m) = -169*m + 11781. Give q(69).
120
Let q(m) = -m**3 + 98*m**2 + 37*m - 989. Calculate q(98).
2637
Let v(m) = m**3 + 82*m**2 - 815*m - 40509. Give v(-86).
-3
Let v(j) = -302*j + 1978. What is v(7)?
-136
Let b(u) = 8*u**2 + 279*u + 297. Give b(-38).
1247
Let s(i) = -i**3 + 17*i**2 + 157*i - 4. What is s(-10)?
1126
Let c(m) = -8638*m + 69193. Give c(8).
89
Let y(m) = 383*m + 58708. Calculate y(-154).
-274
Let s(t) = 87*t**2 - 436*t + 389. Calculate s(1).
40
Let r(k) = k**2 - 1074*k + 62762. What is r(62)?
18
Let g(w) = w**3 - 136*w**2 + 1478*w + 61. Calculate g(12).
-59
Let t(c) = 43*c - 66. What is t(-1)?
-109
Let v(r) = 101298*r - 1519451. Determine v(15).
19
Let z(g) = 15*g + 2959. Determine z(-198).
-11
Let g(i) = 4*i**3 + 11*i**2 + 8134*i + 40686. What is g(-5)?
-209
Let r(v) = -942*v + 25364. Determine r(27).
-70
Let r(u) = u**2 + 1478*u + 281932. Determine r(-225).
7
Let c(q) = 1577*q**2 + 23659*q + 68. Determine c(-15).
8
Let d(y) = 3*y**3 + 19*y**2 - 7592*y - 45593. Calculate d(-6).
-5
Let b(j) = j**2 + 11547*j + 19. Calculate b(0).
19
Let h(i) = 730*i + 12547. Give h(-18).
-593
Let r(g) = -35*g**3 + 8*g + 8. Determine r(1).
-19
Let q(l) = -46*l**2 - 1383*l - 8775. What is q(-9)?
-54
Let c(w) = 698*w + 43284. What is c(-60)?
1404
Let j(i) = -i**3 - 43*i**2 - 73*i + 214. Give j(-41).
-155
Let m(f) = -558*f**2 - 796*f - 792. Calculate m(-1).
-554
Let h(c) = 15137*c**2 + 105956*c - 5. Calculate h(-7).
16
Let y(k) = -3*k**2 + 6580*k + 173091. Give y(-26).
-17
Let v(u) = -32*u**2 - 11074*u + 44293. Determine v(4).
-515
Let g(k) = 15017*k - 45037. Give g(3).
14
Let w(g) = 12*g + 1287. Give w(46).
1839
Let w(o) = 3*o**2 - 10*o - 80. Determine w(21).
1033
Let u(z) = 302*z**2 - 340957*z - 1136. Calculate u(1129).
-7
Let p(b) = 4837*b - 48322. Give p(10).
48
Let w(v) = -30586*v + 122205. What is w(4)?
-139
Let n(a) = a**3 - 34*a**2 + 97*a + 1089. Calculate n(23).
-2499
Let s(p) = 123*p**2 - 10669*p - 2719. Give s(87).
65
Let y(z) = -664*z**3 - 5292*z**2 + 169*z + 57. Give y(-8).
-15
Let m(i) = 3602369*i + 39626054. Give m(-11).
-5
Let g(w) = w**3 - 21*w**2 - 2703*w + 2111. What is g(-43)?
4
Let u(q) = 12062*q + 108565. Determine u(-9).
7
Let x(q) = -2*q**2 + 813*q - 29781. Determine x(366).
-135
Let s(t) = -3423*t + 349138. Determine s(102).
-8
Let l(z) = 9*z**3 + 73*z**2 + 30*z + 192. What is l(-8)?
16
Let k(r) = 9*r**3 - 8*r**2 + 68*r - 127. Determine k(7).
3044
Let a(u) = u**3 + 46*u**2 - 286*u + 102. Give a(-51).
1683
Let s(v) = -v**3 - 93*v**2 + 823*v + 1539. Give s(-101).
24
Let f(a) = 78*a + 3771. Give f(-27).
1665
Let x(g) = -14*g**2 - 884*g + 8968. Determine x(-72).
40
Let s(l) = 2*l**3 - 205*l**2 - 307*l + 335. Determine s